Burnham-on-Sea Weather
Latitude N 51° 13' 49" Longitude W 02° 58' 59" Elevation 33 ft
NOAA Style Reports for Burnham-on-Sea
Select a Year or Month report
Report for 2023 Aug
Monthly Climatological Summary for Aug 2023 Name: Burnham-on-Sea City: Burnham-on-Sea County: Somerset Country: UK Elevation: 33 ft Lat: N 51° 13' 49" Lon: W 002° 58' 59" Temperature (°C), Rain (in), Wind Speed (mph) Heat Cool Avg Mean Deg Deg Wind Dom Day Temp High Time Low Time Days Days Rain Speed High Time Dir ---------------------------------------------------------------------------------- 01 16.9 20.0 11:44 14.6 05:02 1.5 0.1 0.10 1.5 13.0 02:15 SW 02 16.6 18.7 17:08 14.7 00:00 1.7 0.0 0.43 1.5 18.0 16:56 WSW 03 17.3 20.7 11:50 15.1 07:24 1.2 0.2 0.06 1.6 15.0 18:06 SSE 04 16.6 19.6 13:41 15.0 05:55 1.8 0.1 0.00 2.0 13.0 07:54 S 05 15.2 19.4 14:33 12.3 05:36 3.1 0.0 0.30 2.5 23.0 16:01 SSE 06 16.0 19.5 15:22 13.0 05:02 2.3 0.0 0.00 1.9 13.0 01:31 S 07 16.2 19.5 14:51 12.0 07:12 2.1 0.1 0.00 1.0 11.0 12:21 SSW 08 16.2 21.0 13:29 13.4 00:59 2.2 0.1 0.04 0.8 10.0 19:25 SSW 09 18.2 22.4 15:13 15.4 06:57 0.9 0.8 0.00 0.4 7.0 15:39 SSE 10 19.1 26.2 14:08 13.7 06:25 1.3 2.1 0.00 0.8 10.0 14:59 N 11 19.4 24.6 14:36 15.5 23:58 0.3 1.4 0.00 0.9 9.0 20:04 ESE 12 17.5 21.0 11:13 14.6 05:10 1.2 0.4 0.26 1.4 11.0 11:16 NNW 13 16.9 20.8 12:42 15.2 01:46 1.6 0.2 0.06 0.9 10.0 12:09 N 14 17.1 21.0 13:13 12.6 23:55 1.5 0.3 0.17 1.7 18.0 12:04 NNW 15 16.4 21.2 13:31 10.4 05:05 2.5 0.5 0.00 0.8 10.0 14:51 SSW 16 18.4 24.1 15:31 12.6 05:48 1.4 1.6 0.00 0.8 9.0 14:39 SSE 17 18.8 24.2 16:50 12.5 05:31 1.4 1.8 0.00 0.7 11.0 14:40 NNE 18 18.9 22.2 15:06 17.3 05:52 0.2 0.8 0.11 1.5 14.0 22:03 N 19 18.4 23.5 14:37 15.2 23:58 0.7 0.8 0.02 1.4 14.0 02:08 N 20 17.0 22.4 15:03 12.8 05:26 1.6 0.3 0.16 0.4 9.0 15:12 NNE 21 17.7 24.4 16:14 12.6 05:49 1.9 1.2 0.00 0.9 10.0 14:39 N 22 18.3 22.0 13:09 16.1 02:51 0.8 0.8 0.00 1.1 10.3 15:15 SSE 23 18.3 24.8 14:42 12.9 06:41 1.7 1.7 0.00 0.3 8.1 14:42 SSE 24 17.4 21.6 14:28 14.9 04:17 1.4 0.5 0.00 1.1 11.4 22:20 S 25 14.0 19.6 13:35 9.7 06:38 4.4 0.0 1.44 0.4 10.3 00:24 SE 26 14.9 18.5 15:34 11.6 04:48 3.4 0.0 0.14 1.0 10.3 17:20 SSW 27 15.8 18.5 13:33 14.1 00:24 2.5 0.0 0.00 1.4 12.5 12:09 S 28 16.4 18.8 14:09 14.0 07:11 1.9 0.0 0.01 1.1 9.2 10:18 S 29 15.1 17.7 11:29 12.5 02:14 3.2 0.0 0.08 0.9 10.3 20:19 SSE 30 15.8 19.7 14:04 13.7 07:05 2.5 0.0 0.00 1.5 12.5 08:39 S 31 14.4 18.6 17:13 11.4 09:00 3.9 0.0 0.20 0.4 5.8 09:19 NNE ---------------------------------------------------------------------------------- 16.9 26.2 10 9.7 25 58.1 15.9 3.58 1.1 23.0 5 S Max >= 27.0 0 Max <= 0.0 0 Min <= 0.0 0 Min <= -18.0 0 Max Rain: 1.44 on day 25 Days of Rain: 15 (>= 0.01 in) 10 (>= 0.10 in) 1 (>= 1.00 in) Heat Base: 18.3 Cool Base: 18.3 Method: Integration
© 2024, Burnham-on-Sea Weather.
Page updated 15/05/2024 02:50:02
Powered by
Cumulus MX
v4.0.0 (4022) using cumuluswebtags.php (v1.63 - 13th May 2024)
Never base important decisions on this or any weather information obtained from the Internet.
Copyright © CSS3_photo_dark | design from css3templates.co.uk