Burnham-on-Sea Weather

 Latitude N 51° 13' 49"    Longitude W 02° 58' 59"    Elevation 33 ft


NOAA Style Reports for Burnham-on-Sea

Select a Year or Month report
V/Λ2024 > Jan Feb Mar Apr May Jun Jul Aug Sep Oct Nov Dec
V/Λ2023 > Jan Feb Mar Apr May Jun Jul Aug Sep Oct Nov Dec
V/Λ2022 > Jan Feb Mar Apr May Jun Jul Aug Sep Oct Nov Dec
V/Λ2021 > Jan Feb Mar Apr May Jun Jul Aug Sep Oct Nov Dec
V/Λ2020 > Jan Feb Mar Apr May Jun Jul Aug Sep Oct Nov Dec

Report for 2024 May
                   Monthly Climatological Summary for May 2024

Name: Burnham-on-Sea   City: Burnham-on-Sea   County: Somerset   Country: UK
Elevation: 33 ft  Lat: N 51° 13' 49"   Lon: W 002° 58' 59"

                  Temperature (°C), Rain (in), Wind Speed (mph)

                                      Heat  Cool        Avg
    Mean                              Deg   Deg         Wind                 Dom
Day Temp  High   Time   Low    Time   Days  Days  Rain  Speed High   Time    Dir
----------------------------------------------------------------------------------
01   9.5  12.9   16:06   6.9   04:28   8.7   0.0  0.44   0.4   7.0   19:41     S
02  10.0  10.5   00:30   0.0   00:00   8.3   0.0  0.50   2.1  15.0   02:25     S
03  10.8  13.6   14:30   7.1   23:49   7.5   0.0  0.00   1.0  11.0   16:16     S
04  11.1  17.9   14:13   3.6   05:06   7.2   0.0  0.00   0.5   7.0   12:25     N
05  10.9  15.2   17:02   5.8   05:32   7.4   0.0  0.03   0.5   9.0   14:07     N
06  12.1  15.7   15:23   8.2   02:22   6.2   0.0  0.08   0.8  11.0   11:28   SSE
07  13.1  18.8   15:01  10.2   04:56   5.2   0.0  0.00   1.0  11.0   18:11     S
08  13.2  21.0   13:59  10.7   02:24   5.2   0.1  0.00   0.6   7.0   14:36   SSW
09  14.7  22.2   14:21   8.7   05:15   4.2   0.6  0.00   0.6   6.0   09:04     E
10  17.1  24.0   17:55   9.7   05:40   2.8   1.6  0.00   0.6   9.0   15:05     N
11  18.0  24.3   14:50  11.3   05:57   2.1   1.7  0.00   0.8  11.0   16:38     N
12  16.2  24.3   15:22  11.8   05:53   2.9   0.8  0.00   0.6  11.0   17:42     S
13  13.7  15.2   10:41  12.4   08:16   4.6   0.0  0.64   2.1  14.0   10:35   NNW
14  13.8  18.0   15:03  11.0   01:59   4.5   0.0  0.02   1.9  14.0   16:02     N
15  14.4  17.4   15:30  11.7   03:19   3.9   0.0  0.00   1.9  12.0   11:30     N
16  13.4  19.3   17:49   9.1   05:16   4.9   0.0  0.45   0.2  10.0   18:24   NNW
17  14.7  21.0   13:49   8.7   06:11   3.8   0.3  0.00   0.5   8.1   15:14   ENE
18  14.5  18.8   14:11  11.5   01:58   3.8   0.0  0.20   0.5   6.9   11:23     S
19  16.8  23.3   15:47  10.4   06:18   2.7   1.2  0.00   0.8  11.4   14:28   ESE
----------------------------------------------------------------------------------
    13.6  24.3    11     0.0     2    95.9   6.2  2.36   0.9  15.0     2     NNE

Max >=  27.0  0
Max <=   0.0  0
Min <=   0.0  1
Min <= -18.0  0
Max Rain: 0.64 on day 13
Days of Rain: 8 (>= 0.01 in)  5 (>= 0.10 in)  0 (>= 1.00 in)
Heat Base: 18.3  Cool Base: 18.3  Method: Integration

© 2024, Burnham-on-Sea Weather.   Page updated 20/05/2024 17:20:04
Powered by Cumulus MX v4.0.1 (4023) using cumuluswebtags.php (v1.63 - 13th May 2024)
Never base important decisions on this or any weather information obtained from the Internet.
Copyright © CSS3_photo_dark | design from css3templates.co.uk